7). Calculate the highest common factor of f and 2.
2
Let a(v) = -2*v + 12. Let i be a(9). Let l be ((-7)/(-4))/((-2)/(-360)). Let t be l/5*(-2)/i. Calculate the highest common factor of t and 3.
3
Suppose 2*l - 6*l + 12 = 0. Let m(o) = -6*o**2 + 5*o - 2. Let j be m(l). Let w = 153 + j. What is the highest common factor of w and 14?
14
Let l(h) = -h**3 - 8*h**2 - 6*h - 18. Let t be l(-8). Calculate the highest common factor of t and 12.
6
Let q(c) = -c**3 - 3*c**2 + 4*c + 3. Let b be q(-4). Suppose -6*y + b*y = -69. Calculate the highest common factor of 46 and y.
23
Let v = 34 + -60. Let z = v + -4. Let o = 47 + z. What is the greatest common factor of o and 119?
17
Let g be -22*1/(-2) - 3. Calculate the greatest common divisor of 48 and g.
8
Let w = 77 - 75. What is the greatest common factor of 26 and w?
2
Let d(y) = -y**2 - 6*y + 5. Let n be d(-6). What is the highest common divisor of 20 and n?
5
Suppose -14 = -c + 2*j, c - 4 - 5 = j. Suppose 26 = c*f - 3*y, f - 5*y - 35 = -4*f. Suppose 0 = -5*m + f. Calculate the greatest common divisor of 11 and m.
1
Let k = -97 + 46. Let p = 198 + k. Let u be (-1 - 1)/((-6)/p). What is the greatest common divisor of u and 7?
7
Let w be ((-96)/(-20))/((-4)/(-90)). What is the highest common factor of 12 and w?
12
Suppose -4*g = -6*g + 20. What is the greatest common divisor of 10 and g?
10
Let p(j) = -2*j**3 - 8*j**2 + j - 12. Let x be p(-6). What is the greatest common factor of x and 18?
18
Let z(u) = -u**3 + 9*u**2 - 8*u - 10. Let t be z(7). Let d = -22 + t. Calculate the greatest common divisor of 50 and d.
10
Suppose 2*g - g = -3*f, -f = 3*g. Let o(z) = z**2 + 8. Let s be o(g). Let y = 8 + -6. What is the greatest common factor of s and y?
2
Suppose -5*l + 85 = 3*h, -l + 3*h = -5*l + 65. What is the greatest common factor of 4 and l?
4
Let f = -71 - -159. Let u(n) = -n**3 + 6*n**2 - 2*n - 4. Let j be u(5). Calculate the highest common divisor of j and f.
11
Suppose v + v = 10. Calculate the greatest common factor of 15 and v.
5
Suppose 2*j - 123 - 22 = i, 5*j + i = 359. Suppose 2*g = -4*g + j. Calculate the highest common factor of 24 and g.
12
Suppose p + p - 2 = 0. Calculate the highest common factor of 6 and p.
1
Let k = -3 + 2. Let i be 1 - (k + 3 - 50). Suppose -2*z - 10 = 0, -2*z - 3*z - i = -3*n. Calculate the highest common factor of 40 and n.
8
Let v be 3/9 - (-17)/3. Suppose -6*t + t + 7 = 3*f, 5*t - v = -4*f. What is the highest common divisor of 4 and t?
2
Suppose 4*w + 0*w - 6 = 5*r, 5*r - 26 = -4*w. Let c(z) = -z**3 - 3*z**2 + 4*z + 6. Let x be c(-5). What is the highest common divisor of w and x?
4
Let g(h) = 5*h**2 - h + 1. Let a be g(1). Let i(k) = k**2 - 5*k + 6. Let o be i(a). What is the highest common divisor of 4 and o?
2
Suppose -d + 93 = -32. Suppose -4*q = -7*q + 75. What is the highest common factor of q and d?
25
Suppose 3*a - 37 = -w, -24 = -2*a + 5*w - 5. What is the greatest common divisor of a and 12?
12
Let a(c) = 91*c**3 - 2*c + 1. Let d be a(1). Let o be 0/((-27)/(-9)) - -36. Calculate the highest common divisor of d and o.
18
Suppose -3*s + b = -2*b + 240, -2*s - 3*b = 170. Suppose -o - 3*o = -648. Let y = o + s. What is the highest common divisor of 10 and y?
10
Let b = 174 - -420. Let q be (b/8)/(15/40). What is the highest common divisor of q and 22?
22
Let o(s) = -5*s. Let a be o(9). Let j = -42 - -16. Let d = j - a. What is the highest common factor of 19 and d?
19
Suppose -z + 180 = 5*l + 4*z, -180 = -5*l - 3*z. Let o be 6/(-9)*l/8. Let b be 99 + (-2 - o) + -1. What is the highest common divisor of b and 11?
11
Suppose 0 = 4*r - 3*h - 46, -2*r - 2*r + 42 = -h. Let j = r - -50. What is the highest common factor of 40 and j?
20
Suppose 2*g - 4*k - 94 = 0, -3*k + 188 = 4*g - 5*k. Suppose 3*b - 4*j = 109 + g, 3 = j. Calculate the greatest common factor of b and 7.
7
Let t(q) = -2*q**3 - 17*q**2 - 12*q - 2. Let d be t(-8). Let c(s) = -3*s + 3. Let k be c(-3). Calculate the greatest common factor of k and d.
6
Let j be 3/((18/4)/3). Let k be (14/(-6))/(j/(-6)). Calculate the highest common factor of k and 56.
7
Let i be (-1 + -2)/((-2)/6). What is the greatest common divisor of 99 and i?
9
Let d be (-6)/(-27) - (-140)/18. Let x be 42/d*(-64)/24. Let k be x/21*(-21)/2. What is the greatest common factor of k and 28?
7
Suppose 4*n - h - 43 = 0, -3*n - 13 = -5*h - 58. What is the greatest common factor of n and 4?
2
Let d(a) = 2*a - 3. Let p be d(3). Calculate the highest common factor of 30 and p.
3
Suppose -7 = 3*v - 4*v. Let t(k) = k**2 - 7*k + 8. Let q be t(v). Let z(d) = -d + 19. Let a be z(3). What is the greatest common factor of a and q?
8
Let u = 5 - 2. Let g be (-1)/2 - 31/(-2). Calculate the highest common factor of u and g.
3
Let i = -214 - -222. Calculate the greatest common factor of 2 and i.
2
Let o be (-14)/21 - 17/(-3). Suppose x = o + 11. What is the greatest common factor of x and 4?
4
Let l(j) = 14*j**2. Let i be l(2). Suppose 2*d - i + 0 = 4*f, -f = 2*d - 66. What is the greatest common factor of d and 32?
32
Suppose k - v = 27, 0*v - 42 = -k + 4*v. Calculate the greatest common factor of k and 11.
11
Let r(l) = 12*l - 5 - 7*l + 0*l. Let f be r(8). Suppose 9 = u + c + 4*c, 46 = 3*u - 4*c. What is the greatest common factor of f and u?
7
Let z = 48 + -32. Calculate the highest common factor of z and 4.
4
Let r be 7 + -2 - (2 + -2). Calculate the highest common divisor of r and 40.
5
Let w(l) = l**2 + 7*l - 7. Let x be w(-8). Let j(a) = 3*a**3 + a - 1. Let c be j(x). Suppose 0*z + c*z = 63. What is the highest common factor of z and 3?
3
Suppose 3*s + f = -211, 4*s + 235 + 45 = -f. Let u = 3 - s. Calculate the greatest common divisor of u and 24.
24
Let t(n) = n**2 - 3*n - 2. Let c be t(-2). What is the highest common factor of 24 and c?
8
Let o be ((-42)/24)/(3/(-336)). Let q be 26 - (1 - -1)/(-1). Calculate the highest common divisor of q and o.
28
Let x = 147 + -22. Let l be ((-2)/3)/((-7)/42). Suppose -2*u = -l*w + 23 - 81, 2*u + 3*w = 44. Calculate the greatest common divisor of x and u.
25
Let m be 1/2 - 62/(-4). Suppose -5*o - m = -86. Calculate the highest common divisor of 112 and o.
14
Let c be (-100)/70*(-13 - 1). Calculate the greatest common factor of 80 and c.
20
Suppose -93 = -3*h + 15. Calculate the highest common factor of h and 12.
12
Suppose n + 5*s - 17 = -0*n, -3*n = -2*s - 102. Let l be (2/(-3))/(2/(-12)). What is the highest common divisor of l and n?
4
Let m = -5 + 7. Suppose -5*d = -4*d - m. Let i be (d - 0) + (94 - -2). What is the greatest common factor of i and 14?
14
Let k(p) = -p**2 - 5*p + 7. Let y be k(-4). What is the highest common factor of 88 and y?
11
Suppose -3*o = -7*o - 8. Let n be ((-4)/12)/(o/18). Suppose 51 = -4*b + 123. Calculate the highest common factor of b and n.
3
Let k(g) be the third derivative of 0 + 7/24*g**4 - 1/2*g**3 + 0*g + 1/60*g**5 - g**2. Let f be k(-8). Calculate the greatest common factor of 2 and f.
1
Let p = -87 - -93. Calculate the highest common factor of p and 6.
6
Let h be 40/10*(-4)/(-1). Let w = h + -8. What is the greatest common factor of 8 and w?
8
Suppose 0*y + 200 = 5*y. Let n = y - 24. Calculate the highest common divisor of n and 48.
16
Let y(l) = 7*l**2 - 2*l + 2. Let g be y(2). What is the highest common factor of 65 and g?
13
Let q(m) = 8*m - 16. Let u be q(7). Calculate the greatest common factor of 5 and u.
5
Suppose -8*a + 12*a = 4. Let n be a/3 - 5860/(-60). What is the greatest common factor of n and 14?
14
Let k(v) = -v**2 + 4*v + 6. Let h be k(5). Let n = 1 + -1. Let o be n/2 + 3*3. Calculate the greatest common divisor of h and o.
1
Suppose -3 = -t, -4*t + 36 = 3*f - 33. Calculate the highest common factor of f and 38.
19
Suppose -6*d + d = -55. Let f(j) = 9*j - j**3 - 11*j - 4*j**2 + 3 + 0. Let n be f(-4). What is the highest common divisor of d and n?
11
Suppose 11*u - 9*u - 56 = 0. Let t = -6 + 10. Calculate the greatest common factor of t and u.
4
Let l be (-1)/(2/(-6) - 0). Suppose -2*k + 0 + 24 = 2*m, l*m - 60 = 3*k. Let f(p) = -3*p + 16. Let g be f(0). Calculate the highest common factor of m and g.
16
Let d(i) = i - 2. Let a be d(6). Suppose a + 0 = r. Calculate the greatest common divisor of r and 36.
4
Suppose 2*s = -s + 5*l + 1384, -l - 2336 = -5